-b - 3 = -d, 2*d = 7*b - t*b + 6. Let o(z) = z - 1. What is o(b)?
-1
Let c(x) be the first derivative of -x**4/4 + x**2/2 - 7*x + 106. Let m be c(-2). Let h(b) = 4*b**2 + b + 1. Calculate h(m).
4
Let j(l) = 7*l. Let a(k) = -k**3 + 27*k**2 - 52*k + 53. Let m be a(25). Let f be 6/(m/9 + -1) - -6. Determine j(f).
-21
Let b(l) = -7*l + 42. Suppose 0 = -5*g - 2*s + 20, 5*g + 15 = 2*s + 55. What is b(g)?
0
Suppose -8210*s + 8219*s = 100 - 37. Let q(c) = c**3 - 2*c**2 + 3*c - 1. Let k be q(2). Let y(d) = -2 + 8*d - k - d**2 + 1. Give y(s).
1
Let i(a) = 18*a - 242. Let l be i(0). Let u = l + 246. Let p(b) = -b**3 + 5*b**2 - 6*b + 4. Determine p(u).
-4
Let g(n) = -18*n - 7*n**3 + 0*n**3 - 16*n**2 - 7 - 19*n**3 + 27*n**3. Determine g(17).
-24
Let a(p) = 65*p**3 + p**2. Let o(n) = n**3 + 5*n**2 + 7*n + 4. Let u be o(-3). Let j be a(u). Let g(l) = 69 + 7*l + j - 133. What is g(-2)?
-12
Let i = 1415 - 1406. Let s(t) = -6*t + 43. Determine s(i).
-11
Let c(h) = 5*h**3 - 4*h**2 + 4*h + 1. Let m(p) = -6*p**3 + 7*p**2 - 3*p - 1. Let d(i) = 5*c(i) + 4*m(i). What is d(-7)?
-6
Let u(p) = -p**3 - 11*p**2 - 31*p - 2. Let z be u(-5). Suppose -z*d + 19 - 14 = -5*t, -3*t = -d + 3. Let q(m) = m + 6. Give q(d).
6
Let z(t) = 4 + 6 + t**2 + 4 - 3 + 4*t**2. Let g(b) = -27*b**2 - 57. Let x(q) = -2*g(q) - 11*z(q). What is x(0)?
-7
Let o(d) = -d - 1. Suppose -3*f + 3 = -3*g, -3*g + 2*f - 2 = -4. Let a(w) = -w**2 + 4*w + 6. Let s(j) = g*o(j) + a(j). Let h = 533 + -530. Give s(h).
-7
Let j be -3*5/20 + (-7)/(-4). Let p(u) = 59*u + u**2 - 18*u + j - 29*u + 12. Let c(o) = -12*o**2 + 1. Let n be c(1). Calculate p(n).
2
Let z(c) = -24*c + 440. Let x be z(18). Let i(b) be the second derivative of 0 + b + 5/2*b**2 - 1/6*b**3. Give i(x).
-3
Suppose -5*k + 7 = -q, -q + 2*q + 3 = k. Let x(n) = 3*n**2 - 2*n + 3. Let h(y) = -14*y**2 + 9*y - 13. Let s(o) = -2*h(o) - 9*x(o). Calculate s(q).
3
Let s = -19 + 9. Let m(j) = 2*j**3 + 57190*j**2 + j + 522 - 57180*j**2 - j**3 - 516. Give m(s).
-4
Let w = 2683 - 2691. Let q(u) = 5*u + 32. Calculate q(w).
-8
Suppose -15 = -3*g + 15. Suppose 5*m + 5*x = -30, x = -4*m - 11 - g. Let n(l) = -l**2 + 3*l**2 + 5*l + 2*l - 2 + 0*l**2. Calculate n(m).
13
Let g(m) be the second derivative of -1/12*m**4 + 5/6*m**3 + 2*m**2 + 7*m + 0. Calculate g(3).
10
Let k(c) be the first derivative of -2*c + 1/2*c**2 - 2. What is k(6)?
4
Let o(p) = 12*p - 20. Let b be o(2). Let k(f) = -2*f - 5*f**2 + 2*f**2 - 2*f**3 + b*f**2 + 4*f**2. What is k(3)?
-15
Let v = 218 + -216. Let l(p) = -2*p - 3*p - 3 - 211*p**3 + 7*p**v + 210*p**3. Calculate l(6).
3
Let t(q) be the second derivative of q**5/20 - q**3/3 + 4*q**2 - 305*q. What is t(0)?
8
Let b(r) = 143*r + 1997. Let f be b(-14). Let g(k) = -k**3 - 6*k**2 - 8*k + 11. Give g(f).
26
Suppose 3*p - 167 = 4*z - 172, 3*p + 4 = 5*z. Let f(o) = -7*o - 5*o + 0*o + 1. Determine f(z).
13
Let d(w) be the second derivative of 13*w**4/24 - 2*w**3/3 - 4*w**2 - 95*w. Let s(u) be the first derivative of d(u). Give s(-3).
-43
Let t(d) be the third derivative of -5*d**4/12 - d**3/3 - 2*d**2 - 3417*d. Let h = 3 + -4. Give t(h).
8
Let t(w) = w**3 - w - w + 4 + w**2 - 3*w. Let i be (12/9)/(64/(-144)). Let v be t(i). Let o(c) = 7*c - 1. Determine o(v).
6
Let i(y) = 8*y**3 + 13*y**2 + 17*y - 8. Let h(c) = 7*c**3 + 15*c**2 + 16*c - 8. Let s(a) = 6*h(a) - 5*i(a). Give s(-12).
4
Let a(t) be the first derivative of t**3/3 + 8*t**2 + 37*t + 1672. What is a(-12)?
-11
Let a(h) = 7*h - 1. Let s(b) = 3*b. Let i(c) = -2*a(c) + 5*s(c). Let m be i(-2). Let y(n) be the second derivative of n**3/6 - 7*n**2 + 4*n - 1. Give y(m).
-14
Let w = -677 - -683. Let p(k) = -1 + 106*k**2 + 6*k + 5 - 31*k**2 - 2*k**3 - 64*k**2. Calculate p(w).
4
Let g = -1 + 0. Let j(b) = 66*b**2 + 5135 - 5135 - 64*b**2. What is j(g)?
2
Let h(z) = -3*z**3 + z**2 - 2*z + 1. Let l(j) = -j + 19. Let p be l(12). Suppose 5*f = p*f - 8, -5*g - 11 = -4*f. Calculate h(g).
-3
Let a be 1/(-4) + (-7)/4. Let y(s) = -5*s**3 + s**2 + 34*s + 7. Let u(t) = 13*t**3 - 2*t**2 - 87*t - 18. Let c(n) = 7*u(n) + 18*y(n). Determine c(a).
2
Let h(u) = u**3 - 7*u**2 - 2*u - 12. Let s be h(9). Suppose -31*c + s = -53*c. Let b(i) = i**2 - i - 7. Give b(c).
35
Suppose 5*b = t - 2*t, -3*b = -12. Let i(o) = o**2 + 35*o + 302. Let s be i(t). Let g(a) = -a**3 + 3*a**2 - a + 1. Calculate g(s).
3
Suppose l = -i + 9 + 4, -l - 2*i + 10 = 0. Let d(q) = q**3 - 15*q**2 - 17*q + 7. Let r be d(l). Let w(k) = k**2 + 9*k + 6. Determine w(r).
6
Suppose -67 = 18*h - 211. Let u = 28 - 12. Suppose h + u = 3*x. Let r(k) = -3*k + 9. Determine r(x).
-15
Let f(m) = -112*m + 901. Let g be f(8). Let u(l) = -5*l - 2. Let y(n) = -n**2 + n. Suppose 2*t - 3 = -7. Let r(h) = t*y(h) + u(h). Calculate r(g).
13
Let b = 1148 - 1139. Let z(a) = 3*a**2 - 21*a - 44. What is z(b)?
10
Let p be (-6)/(-4) - (-2)/4. Suppose -2*v + 3 = 5*b, 3*v = p*b - 33 + 9. Let w(m) = m**2 + 8*m + 2. What is w(v)?
-10
Let i(r) = -13*r**3 + 7*r**2 - 4*r - 15. Let v(t) = 2*t**3 + 2*t**2 - 2*t + 1. Let q(x) = -i(x) - 6*v(x). Calculate q(18).
-27
Suppose -37*a + 4 = -35*a. Let y(t) = t**2 - 3*t**3 + 5*t**a - 4*t**2 - 1. Let z = -3 + 4. Calculate y(z).
-2
Let p(k) = k + 1. Let x = 38 - 30. Let q be (-24)/30*(-60)/x. What is p(q)?
7
Suppose -3*p - 3*t - 77 = -4*p, 0 = 5*t. Let v = 77 - p. Let c(o) = -5*o + 9. Let j(z) = 11*z - 15. Let b(x) = 9*c(x) + 4*j(x). Calculate b(v).
21
Let y(r) = 6*r**3 - r**2 + r + 1. Let q(w) = w**2 - 4*w - 11. Let g be q(5). Let a be ((-2)/g)/(4/72). Let t be (a - (-8)/(-2))/(-2). What is y(t)?
-7
Let h(w) = -14*w**2 - 6*w + 1. Let j(y) = y**2 + 63*y - 2086. Let g be j(-87). Determine h(g).
-67
Let d(u) = u**2 + 7*u - 31. Suppose 57*z - 184*z = 92*z + 2190. Determine d(z).
-1
Let p(y) = 2*y**2 - y + 2. Let i(u) = 3*u + 6. Let d be i(12). Suppose o + 3*j = -5, -4*o = j - d + 7. Suppose -4*f - 14 = 3*x, -x = x + 3*f + o. Give p(x).
12
Let s(c) be the second derivative of -3*c**3/2 - c**2/2 - c. Let b(z) = 3*z**2 - 24*z + 7. Let v be b(8). Let h be (v/(-35))/((-3)/(-15)). What is s(h)?
8
Let c(g) be the first derivative of g**6/120 + g**5/60 - 5*g**4/24 - g**3/6 + 21*g**2/2 - 136. Let l(d) be the second derivative of c(d). Give l(-2).
5
Let y(g) = g**3 + g - 1. Let l be (-5)/(-3)*189/105. Suppose -2*f + 4*h = 4, -5*f + l*f - 4 = -5*h. Determine y(f).
-11
Let k(o) = -o**3 + 12*o**2 - 34*o - 4. Let j be k(4). Let v(p) = p**2 + 7*p - 63. What is v(j)?
-3
Let d(o) = -o**3 - 5*o**2 - 11*o - 4. Let s be (-252)/189*(15 - 3)/4. Calculate d(s).
24
Let g be (-15)/(-6)*2 + 5. Let k(i) = -21*i**2 - 1 + g*i**2 - i**3 - 2*i + 10*i**2 + 0*i. What is k(-1)?
1
Let i = 32 - 194. Let f = -157 - i. Let l(d) = d + 2. Calculate l(f).
7
Let i(m) = -3*m**2 - 20*m + 8. Let n be -7 - (272/17 + -16). Calculate i(n).
1
Let p = -730 + 732. Let f(l) = -2*l**p + 3*l + 13 - 5*l + 3*l - 11 + l**2. Give f(-2).
-4
Let u be (42/(-4))/(5/140). Let g = -289 - u. Let t(q) be the third derivative of -q**5/60 + 7*q**4/24 - 7*q**3/6 + q**2. Give t(g).
3
Let z(o) = -13*o**2 + 50*o + 147. Let p(f) = -2*f**2 + 2*f - 1. Let b(m) = -6*p(m) + z(m). Let y(c) be the first derivative of b(c). Calculate y(17).
4
Let f be ((-6)/2)/((-4)/(-5 + -3)). Let n be f - ((-3)/(-36) + 350/(-168)). Let o(z) = 5*z + 16. Determine o(n).
-4
Suppose -10*f + 37 = -1813. Let r(t) = 184 - 8*t**3 - f - t**2 + 19*t**3 - t. Let y be (-2)/(-5) + 7/(-5). Calculate r(y).
-12
Let r(l) = l**3 - 9*l**2 + 12*l + 17. Let y = -4675 + 4682. Determine r(y).
3
Let y(o) = -o**3 - 119*o**2 + 65*o - 6613. Let r be y(-120). Let q(s) be the second derivative of s**3/6 + 15*s**2/2 - s. Calculate q(r).
2
Let j(d) = -2 + 3*d - 45*d**2 - d**3 + 46*d**2 - d**3. Let n = 1030 - 1028. Determine j(n).
-8
Let w(j) = -3*j**3 - 61*j**2 + 11*j - 197. Let o(a) = -a**3 - 20*a**2 + 4*a - 65. Let q(s) = -20*o(s) + 7*w(s). What is q(-27)?
2
Let q(y) = y**2 - 13*y - 22. Let n = -146 - -141. Let i(x) = -16*x - 65. Let w be i(n). What is q(w)?
8
Suppose -2*u + 20 = -6*u, q + 3*u = -7. Let z = -4 + q. Let k(b) = 1694*b**2 + 4*b - 18. Let n(j) = -212*j**2 + 2. Let d(a) = -k(a) - 8*n(a). Calculate d(z).
18
Suppose 2*l - 9*g + 10*g = 6, -2 = 3*l - 4*g. Let k(o) = -28*o - 6 + 3*o**2 - l*o**2 + 15*o + 16*o. Determine k(4).
22
Let g(y) be the second derivative of -y**5/20 -